{"id":1181,"date":"2025-12-02T15:39:19","date_gmt":"2025-12-02T18:39:19","guid":{"rendered":"https:\/\/mmaisrealestate.com\/?post_type=propriedades&#038;p=1181"},"modified":"2026-03-31T11:54:51","modified_gmt":"2026-03-31T14:54:51","slug":"cobertura-tb01","status":"publish","type":"propriedades","link":"https:\/\/mmaisrealestate.com\/en\/propriedades\/cobertura-tb01\/","title":{"rendered":"Cobertura TB#01 &#8211; Horto Florestal"},"content":{"rendered":"<p data-path-to-node=\"10\"><strong>Localizada no cora\u00e7\u00e3o do Horto Florestal<\/strong>, esta <strong>cobertura duplex de 526 m\u00b2<\/strong> oferece a planta e a privacidade de uma casa suspensa, com um projeto focado em conforto e integra\u00e7\u00e3o.<\/p>\n<p data-path-to-node=\"11\">No primeiro pavimento (278 m\u00b2), o living espa\u00e7oso se conecta de forma natural \u00e0 varanda e \u00e0 \u00e1rea de jantar, criando um excelente espa\u00e7o para receber. A \u00e1rea \u00edntima possui tr\u00eas su\u00edtes generosas e um escrit\u00f3rio bem definido. Uma elegante escada de vidro faz a transi\u00e7\u00e3o para o andar superior.<\/p>\n<p data-path-to-node=\"12\">A cobertura (248 m\u00b2) funciona como um ambiente de lazer e descanso privativo. A \u00e1rea externa conta com piscina, espa\u00e7o para espregui\u00e7adeiras e sauna seca, tendo como grande destaque a vista panor\u00e2mica de 360 graus de Salvador. A parte interna inclui uma sala de estar \u00edntima com home theater, varanda com mesa ampla para refei\u00e7\u00f5es, cozinha auxiliar e uma su\u00edte completa de apoio, garantindo total independ\u00eancia do andar.<\/p>\n<p data-path-to-node=\"13\">O condom\u00ednio entrega uma infraestrutura esportiva e de bem-estar de alt\u00edssimo n\u00edvel, destacando-se a academia equipada e as quadras de t\u00eanis e squash. Al\u00e9m do acesso privativo \u00e0 Pra\u00e7a Jorge Calmon do Parque Lucaia para atividades f\u00edsicas.<\/p>\n<p data-path-to-node=\"14\"><i data-path-to-node=\"14\" data-index-in-node=\"0\">Recomendamos assistir ao v\u00eddeo anexo \u00e0 galeria de imagens para conhecer a disposi\u00e7\u00e3o real dos ambientes.<\/i><\/p>","protected":false},"featured_media":1363,"parent":0,"template":"","localizacao":[32],"tipo-de-imovel":[13],"class_list":["post-1181","propriedades","type-propriedades","status-publish","has-post-thumbnail","hentry","localizacao-horto-florestal","tipo-de-imovel-apartamento"],"_links":{"self":[{"href":"https:\/\/mmaisrealestate.com\/en\/wp-json\/wp\/v2\/propriedades\/1181","targetHints":{"allow":["GET"]}}],"collection":[{"href":"https:\/\/mmaisrealestate.com\/en\/wp-json\/wp\/v2\/propriedades"}],"about":[{"href":"https:\/\/mmaisrealestate.com\/en\/wp-json\/wp\/v2\/types\/propriedades"}],"wp:featuredmedia":[{"embeddable":true,"href":"https:\/\/mmaisrealestate.com\/en\/wp-json\/wp\/v2\/media\/1363"}],"wp:attachment":[{"href":"https:\/\/mmaisrealestate.com\/en\/wp-json\/wp\/v2\/media?parent=1181"}],"wp:term":[{"taxonomy":"localizacao","embeddable":true,"href":"https:\/\/mmaisrealestate.com\/en\/wp-json\/wp\/v2\/localizacao?post=1181"},{"taxonomy":"tipo-de-imovel","embeddable":true,"href":"https:\/\/mmaisrealestate.com\/en\/wp-json\/wp\/v2\/tipo-de-imovel?post=1181"}],"curies":[{"name":"wp","href":"https:\/\/api.w.org\/{rel}","templated":true}]}}

<p data-path-to-node="10"><strong>Localizada no coração do Horto Florestal</strong>, esta <strong>cobertura duplex de 526 m²</strong> oferece a planta e a privacidade de uma casa suspensa, com um projeto focado em conforto e integração.</p>
<p data-path-to-node="11">No primeiro pavimento (278 m²), o living espaçoso se conecta de forma natural à varanda e à área de jantar, criando um excelente espaço para receber. A área íntima possui três suítes generosas e um escritório bem definido. Uma elegante escada de vidro faz a transição para o andar superior.</p>
<p data-path-to-node="12">A cobertura (248 m²) funciona como um ambiente de lazer e descanso privativo. A área externa conta com piscina, espaço para espreguiçadeiras e sauna seca, tendo como grande destaque a vista panorâmica de 360 graus de Salvador. A parte interna inclui uma sala de estar íntima com home theater, varanda com mesa ampla para refeições, cozinha auxiliar e uma suíte completa de apoio, garantindo total independência do andar.</p>
<p data-path-to-node="13">O condomínio entrega uma infraestrutura esportiva e de bem-estar de altíssimo nível, destacando-se a academia equipada e as quadras de tênis e squash. Além do acesso privativo à Praça Jorge Calmon do Parque Lucaia para atividades físicas.</p>
<p data-path-to-node="14"><i data-path-to-node="14" data-index-in-node="0">Recomendamos assistir ao vídeo anexo à galeria de imagens para conhecer a disposição real dos ambientes.</i></p>
